{"id":9752,"date":"2019-04-30T15:35:19","date_gmt":"2019-04-30T15:35:19","guid":{"rendered":"https:\/\/www.le16.nl\/tour\/meezeilen-op-t-wad-aan-boord-van-flottielje-leider\/"},"modified":"2020-01-05T15:29:03","modified_gmt":"2020-01-05T15:29:03","slug":"meezeilen-op-t-wad-aan-boord-van-flottielje-leider","status":"publish","type":"tour","link":"https:\/\/www.le16.nl\/de\/tour\/meezeilen-op-t-wad-aan-boord-van-flottielje-leider\/","title":{"rendered":"Segel mit auf dass Wattenmeer an bord der Flottilenf\u00fchrer"},"content":{"rendered":"","protected":false},"excerpt":{"rendered":"","protected":false},"author":1,"featured_media":9212,"template":"","meta":{"footnotes":""},"tour_category":[326,498],"tour_tag":[406,419,328,441],"tour-age":[506],"tour-activity":[352,356,354,397],"tour-destination":[377,362,379],"Tour Toppers":[],"class_list":["post-9752","tour","type-tour","status-publish","has-post-thumbnail","hentry","tour_category-freizeit","tour_category-mitsegeln","tour_tag-flottilensegeln","tour_tag-mitsegeln","tour_tag-top-vacantie-tours-de","tour_tag-wadden-torn","tour-age-20-de","tour-activity-familie-freunden-segeltorn-de","tour-activity-mini-cruises-de","tour-activity-vakantie-trips-de","tour-activity-wild-adventure-tours-de","tour-destination-friesland-de","tour-destination-ijsselmeer-de","tour-destination-waddenzee"],"yoast_head":"<!-- This site is optimized with the Yoast SEO plugin v27.4 - https:\/\/yoast.com\/product\/yoast-seo-wordpress\/ -->\n<title>Segel mit auf dass Wattenmeer an bord der Flottilenf\u00fchrer - Lemsteraak LE16<\/title>\n<meta name=\"description\" content=\"Segler k\u00f6nnen mitsegeln an Bord der Flottilenf\u00fchrer, der Lemsteraak LE16, \u00fcber dass Waddenmehr Die Segelflotte segelt von Lemmer zum Terschelling und Texel\" \/>\n<meta name=\"robots\" content=\"index, follow, max-snippet:-1, max-image-preview:large, max-video-preview:-1\" \/>\n<link rel=\"canonical\" href=\"https:\/\/www.le16.nl\/de\/tour\/meezeilen-op-t-wad-aan-boord-van-flottielje-leider\/\" \/>\n<meta property=\"og:locale\" content=\"de_DE\" \/>\n<meta property=\"og:type\" content=\"article\" \/>\n<meta property=\"og:title\" content=\"Segel mit auf dass Wattenmeer an bord der Flottilenf\u00fchrer - Lemsteraak LE16\" \/>\n<meta property=\"og:description\" content=\"Segler k\u00f6nnen mitsegeln an Bord der Flottilenf\u00fchrer, der Lemsteraak LE16, \u00fcber dass Waddenmehr Die Segelflotte segelt von Lemmer zum Terschelling und Texel\" \/>\n<meta property=\"og:url\" content=\"https:\/\/www.le16.nl\/de\/tour\/meezeilen-op-t-wad-aan-boord-van-flottielje-leider\/\" \/>\n<meta property=\"og:site_name\" content=\"Lemsteraak LE16\" \/>\n<meta property=\"article:publisher\" content=\"http:\/\/www.facebook.com\/lemsteraakLE16\" \/>\n<meta property=\"article:modified_time\" content=\"2020-01-05T15:29:03+00:00\" \/>\n<meta property=\"og:image\" content=\"https:\/\/www.le16.nl\/wp-content\/uploads\/2019\/07\/Zeehonden.png\" \/>\n\t<meta property=\"og:image:width\" content=\"1197\" \/>\n\t<meta property=\"og:image:height\" content=\"313\" \/>\n\t<meta property=\"og:image:type\" content=\"image\/png\" \/>\n<meta name=\"twitter:card\" content=\"summary_large_image\" \/>\n<script type=\"application\/ld+json\" class=\"yoast-schema-graph\">{\"@context\":\"https:\\\/\\\/schema.org\",\"@graph\":[{\"@type\":[\"WebPage\",\"ItemPage\"],\"@id\":\"https:\\\/\\\/www.le16.nl\\\/de\\\/tour\\\/meezeilen-op-t-wad-aan-boord-van-flottielje-leider\\\/\",\"url\":\"https:\\\/\\\/www.le16.nl\\\/de\\\/tour\\\/meezeilen-op-t-wad-aan-boord-van-flottielje-leider\\\/\",\"name\":\"Segel mit auf dass Wattenmeer an bord der Flottilenf\u00fchrer - Lemsteraak LE16\",\"isPartOf\":{\"@id\":\"https:\\\/\\\/www.le16.nl\\\/#website\"},\"primaryImageOfPage\":{\"@id\":\"https:\\\/\\\/www.le16.nl\\\/de\\\/tour\\\/meezeilen-op-t-wad-aan-boord-van-flottielje-leider\\\/#primaryimage\"},\"image\":{\"@id\":\"https:\\\/\\\/www.le16.nl\\\/de\\\/tour\\\/meezeilen-op-t-wad-aan-boord-van-flottielje-leider\\\/#primaryimage\"},\"thumbnailUrl\":\"https:\\\/\\\/www.le16.nl\\\/wp-content\\\/uploads\\\/2019\\\/07\\\/Zeehonden.png\",\"datePublished\":\"2019-04-30T15:35:19+00:00\",\"dateModified\":\"2020-01-05T15:29:03+00:00\",\"description\":\"Segler k\u00f6nnen mitsegeln an Bord der Flottilenf\u00fchrer, der Lemsteraak LE16, \u00fcber dass Waddenmehr Die Segelflotte segelt von Lemmer zum Terschelling und Texel\",\"breadcrumb\":{\"@id\":\"https:\\\/\\\/www.le16.nl\\\/de\\\/tour\\\/meezeilen-op-t-wad-aan-boord-van-flottielje-leider\\\/#breadcrumb\"},\"inLanguage\":\"de\",\"potentialAction\":[{\"@type\":\"ReadAction\",\"target\":[\"https:\\\/\\\/www.le16.nl\\\/de\\\/tour\\\/meezeilen-op-t-wad-aan-boord-van-flottielje-leider\\\/\"]}]},{\"@type\":\"ImageObject\",\"inLanguage\":\"de\",\"@id\":\"https:\\\/\\\/www.le16.nl\\\/de\\\/tour\\\/meezeilen-op-t-wad-aan-boord-van-flottielje-leider\\\/#primaryimage\",\"url\":\"https:\\\/\\\/www.le16.nl\\\/wp-content\\\/uploads\\\/2019\\\/07\\\/Zeehonden.png\",\"contentUrl\":\"https:\\\/\\\/www.le16.nl\\\/wp-content\\\/uploads\\\/2019\\\/07\\\/Zeehonden.png\",\"width\":1197,\"height\":313},{\"@type\":\"BreadcrumbList\",\"@id\":\"https:\\\/\\\/www.le16.nl\\\/de\\\/tour\\\/meezeilen-op-t-wad-aan-boord-van-flottielje-leider\\\/#breadcrumb\",\"itemListElement\":[{\"@type\":\"ListItem\",\"position\":1,\"name\":\"Home\",\"item\":\"https:\\\/\\\/www.le16.nl\\\/de\\\/\"},{\"@type\":\"ListItem\",\"position\":2,\"name\":\"Segel mit auf dass Wattenmeer an bord der Flottilenf\u00fchrer\"}]},{\"@type\":\"WebSite\",\"@id\":\"https:\\\/\\\/www.le16.nl\\\/#website\",\"url\":\"https:\\\/\\\/www.le16.nl\\\/\",\"name\":\"Lemsteraak LE16\",\"description\":\"Zeilen Zonder Zorgen\",\"potentialAction\":[{\"@type\":\"SearchAction\",\"target\":{\"@type\":\"EntryPoint\",\"urlTemplate\":\"https:\\\/\\\/www.le16.nl\\\/?s={search_term_string}\"},\"query-input\":{\"@type\":\"PropertyValueSpecification\",\"valueRequired\":true,\"valueName\":\"search_term_string\"}}],\"inLanguage\":\"de\"}]}<\/script>\n<!-- \/ Yoast SEO plugin. -->","yoast_head_json":{"title":"Segel mit auf dass Wattenmeer an bord der Flottilenf\u00fchrer - Lemsteraak LE16","description":"Segler k\u00f6nnen mitsegeln an Bord der Flottilenf\u00fchrer, der Lemsteraak LE16, \u00fcber dass Waddenmehr Die Segelflotte segelt von Lemmer zum Terschelling und Texel","robots":{"index":"index","follow":"follow","max-snippet":"max-snippet:-1","max-image-preview":"max-image-preview:large","max-video-preview":"max-video-preview:-1"},"canonical":"https:\/\/www.le16.nl\/de\/tour\/meezeilen-op-t-wad-aan-boord-van-flottielje-leider\/","og_locale":"de_DE","og_type":"article","og_title":"Segel mit auf dass Wattenmeer an bord der Flottilenf\u00fchrer - Lemsteraak LE16","og_description":"Segler k\u00f6nnen mitsegeln an Bord der Flottilenf\u00fchrer, der Lemsteraak LE16, \u00fcber dass Waddenmehr Die Segelflotte segelt von Lemmer zum Terschelling und Texel","og_url":"https:\/\/www.le16.nl\/de\/tour\/meezeilen-op-t-wad-aan-boord-van-flottielje-leider\/","og_site_name":"Lemsteraak LE16","article_publisher":"http:\/\/www.facebook.com\/lemsteraakLE16","article_modified_time":"2020-01-05T15:29:03+00:00","og_image":[{"width":1197,"height":313,"url":"https:\/\/www.le16.nl\/wp-content\/uploads\/2019\/07\/Zeehonden.png","type":"image\/png"}],"twitter_card":"summary_large_image","schema":{"@context":"https:\/\/schema.org","@graph":[{"@type":["WebPage","ItemPage"],"@id":"https:\/\/www.le16.nl\/de\/tour\/meezeilen-op-t-wad-aan-boord-van-flottielje-leider\/","url":"https:\/\/www.le16.nl\/de\/tour\/meezeilen-op-t-wad-aan-boord-van-flottielje-leider\/","name":"Segel mit auf dass Wattenmeer an bord der Flottilenf\u00fchrer - Lemsteraak LE16","isPartOf":{"@id":"https:\/\/www.le16.nl\/#website"},"primaryImageOfPage":{"@id":"https:\/\/www.le16.nl\/de\/tour\/meezeilen-op-t-wad-aan-boord-van-flottielje-leider\/#primaryimage"},"image":{"@id":"https:\/\/www.le16.nl\/de\/tour\/meezeilen-op-t-wad-aan-boord-van-flottielje-leider\/#primaryimage"},"thumbnailUrl":"https:\/\/www.le16.nl\/wp-content\/uploads\/2019\/07\/Zeehonden.png","datePublished":"2019-04-30T15:35:19+00:00","dateModified":"2020-01-05T15:29:03+00:00","description":"Segler k\u00f6nnen mitsegeln an Bord der Flottilenf\u00fchrer, der Lemsteraak LE16, \u00fcber dass Waddenmehr Die Segelflotte segelt von Lemmer zum Terschelling und Texel","breadcrumb":{"@id":"https:\/\/www.le16.nl\/de\/tour\/meezeilen-op-t-wad-aan-boord-van-flottielje-leider\/#breadcrumb"},"inLanguage":"de","potentialAction":[{"@type":"ReadAction","target":["https:\/\/www.le16.nl\/de\/tour\/meezeilen-op-t-wad-aan-boord-van-flottielje-leider\/"]}]},{"@type":"ImageObject","inLanguage":"de","@id":"https:\/\/www.le16.nl\/de\/tour\/meezeilen-op-t-wad-aan-boord-van-flottielje-leider\/#primaryimage","url":"https:\/\/www.le16.nl\/wp-content\/uploads\/2019\/07\/Zeehonden.png","contentUrl":"https:\/\/www.le16.nl\/wp-content\/uploads\/2019\/07\/Zeehonden.png","width":1197,"height":313},{"@type":"BreadcrumbList","@id":"https:\/\/www.le16.nl\/de\/tour\/meezeilen-op-t-wad-aan-boord-van-flottielje-leider\/#breadcrumb","itemListElement":[{"@type":"ListItem","position":1,"name":"Home","item":"https:\/\/www.le16.nl\/de\/"},{"@type":"ListItem","position":2,"name":"Segel mit auf dass Wattenmeer an bord der Flottilenf\u00fchrer"}]},{"@type":"WebSite","@id":"https:\/\/www.le16.nl\/#website","url":"https:\/\/www.le16.nl\/","name":"Lemsteraak LE16","description":"Zeilen Zonder Zorgen","potentialAction":[{"@type":"SearchAction","target":{"@type":"EntryPoint","urlTemplate":"https:\/\/www.le16.nl\/?s={search_term_string}"},"query-input":{"@type":"PropertyValueSpecification","valueRequired":true,"valueName":"search_term_string"}}],"inLanguage":"de"}]}},"_links":{"self":[{"href":"https:\/\/www.le16.nl\/de\/wp-json\/wp\/v2\/tour\/9752","targetHints":{"allow":["GET"]}}],"collection":[{"href":"https:\/\/www.le16.nl\/de\/wp-json\/wp\/v2\/tour"}],"about":[{"href":"https:\/\/www.le16.nl\/de\/wp-json\/wp\/v2\/types\/tour"}],"author":[{"embeddable":true,"href":"https:\/\/www.le16.nl\/de\/wp-json\/wp\/v2\/users\/1"}],"version-history":[{"count":2,"href":"https:\/\/www.le16.nl\/de\/wp-json\/wp\/v2\/tour\/9752\/revisions"}],"predecessor-version":[{"id":9813,"href":"https:\/\/www.le16.nl\/de\/wp-json\/wp\/v2\/tour\/9752\/revisions\/9813"}],"wp:featuredmedia":[{"embeddable":true,"href":"https:\/\/www.le16.nl\/de\/wp-json\/wp\/v2\/media\/9212"}],"wp:attachment":[{"href":"https:\/\/www.le16.nl\/de\/wp-json\/wp\/v2\/media?parent=9752"}],"wp:term":[{"taxonomy":"tour_category","embeddable":true,"href":"https:\/\/www.le16.nl\/de\/wp-json\/wp\/v2\/tour_category?post=9752"},{"taxonomy":"tour_tag","embeddable":true,"href":"https:\/\/www.le16.nl\/de\/wp-json\/wp\/v2\/tour_tag?post=9752"},{"taxonomy":"tour-age","embeddable":true,"href":"https:\/\/www.le16.nl\/de\/wp-json\/wp\/v2\/tour-age?post=9752"},{"taxonomy":"tour-activity","embeddable":true,"href":"https:\/\/www.le16.nl\/de\/wp-json\/wp\/v2\/tour-activity?post=9752"},{"taxonomy":"tour-destination","embeddable":true,"href":"https:\/\/www.le16.nl\/de\/wp-json\/wp\/v2\/tour-destination?post=9752"},{"taxonomy":"Tour Toppers","embeddable":true,"href":"https:\/\/www.le16.nl\/de\/wp-json\/wp\/v2\/Tour Toppers?post=9752"}],"curies":[{"name":"wp","href":"https:\/\/api.w.org\/{rel}","templated":true}]}}

Segel mit auf dass Wattenmeer an bord der Flottilenführer

<!-- This site is optimized with the Yoast SEO plugin v27.4 - https://yoast.com/product/yoast-seo-wordpress/ -->
<title>Segel mit auf dass Wattenmeer an bord der Flottilenführer - Lemsteraak LE16</title>
<meta name="description" content="Segler können mitsegeln an Bord der Flottilenführer, der Lemsteraak LE16, über dass Waddenmehr Die Segelflotte segelt von Lemmer zum Terschelling und Texel" />
<meta name="robots" content="index, follow, max-snippet:-1, max-image-preview:large, max-video-preview:-1" />
<link rel="canonical" href="https://www.le16.nl/de/tour/meezeilen-op-t-wad-aan-boord-van-flottielje-leider/" />
<meta property="og:locale" content="de_DE" />
<meta property="og:type" content="article" />
<meta property="og:title" content="Segel mit auf dass Wattenmeer an bord der Flottilenführer - Lemsteraak LE16" />
<meta property="og:description" content="Segler können mitsegeln an Bord der Flottilenführer, der Lemsteraak LE16, über dass Waddenmehr Die Segelflotte segelt von Lemmer zum Terschelling und Texel" />
<meta property="og:url" content="https://www.le16.nl/de/tour/meezeilen-op-t-wad-aan-boord-van-flottielje-leider/" />
<meta property="og:site_name" content="Lemsteraak LE16" />
<meta property="article:publisher" content="http://www.facebook.com/lemsteraakLE16" />
<meta property="article:modified_time" content="2020-01-05T15:29:03+00:00" />
<meta property="og:image" content="https://www.le16.nl/wp-content/uploads/2019/07/Zeehonden.png" />
	<meta property="og:image:width" content="1197" />
	<meta property="og:image:height" content="313" />
	<meta property="og:image:type" content="image/png" />
<meta name="twitter:card" content="summary_large_image" />
<script type="application/ld+json" class="yoast-schema-graph">{"@context":"https:\/\/schema.org","@graph":[{"@type":["WebPage","ItemPage"],"@id":"https:\/\/www.le16.nl\/de\/tour\/meezeilen-op-t-wad-aan-boord-van-flottielje-leider\/","url":"https:\/\/www.le16.nl\/de\/tour\/meezeilen-op-t-wad-aan-boord-van-flottielje-leider\/","name":"Segel mit auf dass Wattenmeer an bord der Flottilenführer - Lemsteraak LE16","isPartOf":{"@id":"https:\/\/www.le16.nl\/#website"},"primaryImageOfPage":{"@id":"https:\/\/www.le16.nl\/de\/tour\/meezeilen-op-t-wad-aan-boord-van-flottielje-leider\/#primaryimage"},"image":{"@id":"https:\/\/www.le16.nl\/de\/tour\/meezeilen-op-t-wad-aan-boord-van-flottielje-leider\/#primaryimage"},"thumbnailUrl":"https:\/\/www.le16.nl\/wp-content\/uploads\/2019\/07\/Zeehonden.png","datePublished":"2019-04-30T15:35:19+00:00","dateModified":"2020-01-05T15:29:03+00:00","description":"Segler können mitsegeln an Bord der Flottilenführer, der Lemsteraak LE16, über dass Waddenmehr Die Segelflotte segelt von Lemmer zum Terschelling und Texel","breadcrumb":{"@id":"https:\/\/www.le16.nl\/de\/tour\/meezeilen-op-t-wad-aan-boord-van-flottielje-leider\/#breadcrumb"},"inLanguage":"de","potentialAction":[{"@type":"ReadAction","target":["https:\/\/www.le16.nl\/de\/tour\/meezeilen-op-t-wad-aan-boord-van-flottielje-leider\/"]}]},{"@type":"ImageObject","inLanguage":"de","@id":"https:\/\/www.le16.nl\/de\/tour\/meezeilen-op-t-wad-aan-boord-van-flottielje-leider\/#primaryimage","url":"https:\/\/www.le16.nl\/wp-content\/uploads\/2019\/07\/Zeehonden.png","contentUrl":"https:\/\/www.le16.nl\/wp-content\/uploads\/2019\/07\/Zeehonden.png","width":1197,"height":313},{"@type":"BreadcrumbList","@id":"https:\/\/www.le16.nl\/de\/tour\/meezeilen-op-t-wad-aan-boord-van-flottielje-leider\/#breadcrumb","itemListElement":[{"@type":"ListItem","position":1,"name":"Home","item":"https:\/\/www.le16.nl\/de\/"},{"@type":"ListItem","position":2,"name":"Segel mit auf dass Wattenmeer an bord der Flottilenführer"}]},{"@type":"WebSite","@id":"https:\/\/www.le16.nl\/#website","url":"https:\/\/www.le16.nl\/","name":"Lemsteraak LE16","description":"Zeilen Zonder Zorgen","potentialAction":[{"@type":"SearchAction","target":{"@type":"EntryPoint","urlTemplate":"https:\/\/www.le16.nl\/?s={search_term_string}"},"query-input":{"@type":"PropertyValueSpecification","valueRequired":true,"valueName":"search_term_string"}}],"inLanguage":"de"}]}</script>
<!-- / Yoast SEO plugin. -->

Segel mit auf dass Wattenmeer an bord der Flottilenführer - Lemsteraak LE16

Segler können mitsegeln an Bord der Flottilenführer, der Lemsteraak LE16, über dass Waddenmehr Die Segelflotte segelt von Lemmer zum Terschelling und Texel
